{"id":12473,"date":"2020-08-05T16:30:10","date_gmt":"2020-08-05T19:30:10","guid":{"rendered":"https:\/\/conecto.ar\/clientes\/?page_id=12473"},"modified":"2021-08-13T13:12:53","modified_gmt":"2021-08-13T16:12:53","slug":"preguntas-frecuentes-faqs","status":"publish","type":"page","link":"https:\/\/conecto.ar\/clientes\/preguntas-frecuentes-faqs\/","title":{"rendered":"Preguntas Frecuentes &#8211; FAQS"},"content":{"rendered":"\t\t<div data-elementor-type=\"wp-page\" data-elementor-id=\"12473\" class=\"elementor elementor-12473\">\n\t\t\t\t\t\t\t\t\t<section class=\"elementor-section elementor-top-section elementor-element elementor-element-e388511 elementor-section-boxed elementor-section-height-default elementor-section-height-default\" data-id=\"e388511\" data-element_type=\"section\">\n\t\t\t\t\t\t<div class=\"elementor-container elementor-column-gap-default\">\n\t\t\t\t\t<div class=\"elementor-column elementor-col-100 elementor-top-column elementor-element elementor-element-dd36a89\" data-id=\"dd36a89\" data-element_type=\"column\">\n\t\t\t<div class=\"elementor-widget-wrap elementor-element-populated\">\n\t\t\t\t\t\t\t\t<div class=\"elementor-element elementor-element-c0d3cff elementor-widget elementor-widget-text-editor\" data-id=\"c0d3cff\" data-element_type=\"widget\" data-widget_type=\"text-editor.default\">\n\t\t\t\t<div class=\"elementor-widget-container\">\n\t\t\t\t\t\t\t<h4 style=\"text-align: justify;\"><strong>\u00bfC\u00f3mo realizo una pregunta?<\/strong><\/h4><p style=\"text-align: justify;\">Podr\u00e1 realizar preguntas directamente desde el producto que le interes\u00f3, presionando el \u00edcono PREGUNTAR (que se encuentra hacia la derecha de la foto). Se le abrir\u00e1 una pantalla donde deber\u00e1 ingresar su nombre, su email (para notificarle la respuesta) y la pregunta que desea realizar.<\/p><p style=\"text-align: justify;\">Tambi\u00e9n tenemos un icono de WhatsApp donde podr\u00e1 en forma r\u00e1pida realizar las preguntas que desee y contar con el apoyo de un especialista que le podr\u00e1 orientar acerca de los productos existentes o aquellos que no puede localizar<\/p><h4 style=\"text-align: justify;\"><strong>\u00bfC\u00f3mo puedo buscar productos en Offer?<\/strong><\/h4><p style=\"text-align: justify;\">Podr\u00e1 ingresar a categor\u00edas y ver productos por el rubro que le interese como as\u00ed tambi\u00e9n escribir en el buscador el producto que desea ver.<\/p><h4 style=\"text-align: justify;\"><strong>\u00bfC\u00f3mo puedo comparar productos de distintas marcas?<\/strong><\/h4><p style=\"text-align: justify;\"><strong>Desde vista r\u00e1pida<\/strong><\/p><p style=\"text-align: justify;\">Para poder comparar distintos productos debe hacer clic en el icono en forma de grafico que aparece cuando se posiciona por encima de la foto del producto. Luego de agregarlo a la lista de comparaci\u00f3n podr\u00e1 seguir navegando por la p\u00e1gina para agregar m\u00e1s. Los mismos quedar\u00e1n cargados en esa lista hasta que los elimine.<\/p><p style=\"text-align: justify;\"><strong>Desde adentro del producto<\/strong><\/p><p style=\"text-align: justify;\">Para poder comparar distintos productos debe hacer clic en el icono en forma de grafico que aparece en el lado derecho de la foto del producto. Luego de agregarlo a la lista de comparaci\u00f3n deber\u00e1 volver a atr\u00e1s para seguir navegando por la p\u00e1gina y agregar m\u00e1s. Los mismos quedar\u00e1n cargados en esa lista hasta que los elimine.<\/p><h4 style=\"text-align: justify;\"><strong>\u00bfC\u00f3mo puedo comprar varios productos diferentes?<\/strong><\/h4><p style=\"text-align: justify;\"><strong>Desde vista r\u00e1pida<\/strong><\/p><p style=\"text-align: justify;\">Para poder comprar varios productos debe hacer clic en el icono en forma de bolsa que aparece cuando se posiciona por encima de la foto del producto. Luego de agregarlo al carrito podr\u00e1 seguir navegando por la p\u00e1gina para agregar m\u00e1s. Los mismos quedar\u00e1n cargados en su carrito hasta que desee finalizar su compra. Podr\u00e1 encontrar su carrito en el margen superior derecho de la pantalla.<\/p><p style=\"text-align: justify;\"><strong>Desde adentro del producto<\/strong><\/p><p style=\"text-align: justify;\">Para poder comprar varios productos debe hacer clic en el icono AGREGAR AL CARRITO en color amarillo que aparece en el lado derecho de la foto del producto. Luego de agregarlo al carrito deber\u00e1 volver a atr\u00e1s para seguir navegando por la p\u00e1gina y agregar m\u00e1s. Los mismos quedar\u00e1n cargados en su carrito hasta que desee finalizar su compra. Podr\u00e1 encontrar su carrito en el margen superior derecho de la pantalla.<\/p><h4 style=\"text-align: justify;\"><strong>\u00bfC\u00f3mo puedo pagar mis compras?<\/strong><\/h4><p style=\"text-align: justify;\">Usted podr\u00e1 abonar sus compras con tarjetas de d\u00e9bito o cr\u00e9dito a trav\u00e9s de sistemas de pagos confiables y seguros.<\/p><h4 style=\"text-align: justify;\"><strong>\u00bfC\u00f3mo me llegan los productos?<\/strong><\/h4><p style=\"text-align: justify;\">El envio de producto se realiza por correo propio o por OCA esto depender\u00e1 de la cuidad en donde se encuentre, siempre garantizando tiempo cortos y medios seguros para que su pedido llegue sin inconvenientes.<\/p><h4>Plazos de entrega<\/h4><ul><li>Los pedidos se despachan entre 3 y 5 d\u00edas de realizada la compra<\/li><li>Se le informar\u00e1 por mail o por WhatsApp el N\u00b0 de gu\u00eda cuando el pedido se haya despachado, por favor aguarde nuestra comunicaci\u00f3n.<\/li><li>El plazo de entrega es entre 3 y 7 d\u00edas a partir de la compra.<\/li><li>Puede hacer seguimiento de su pedido en nuestra pagina logueandose con usuario y contrase\u00f1a.<\/li><li>Si usted no ha recibido el pedido dentro del plazo de 7 d\u00edas puede comunicarse con nosotros por mail a <a href=\"mailto:info@offer.com.ar\">info@offer.com.ar<\/a>.<\/li><\/ul><h4 style=\"text-align: justify;\"><strong>\u00bfC\u00f3mo funcionan las Gift Card?<\/strong><\/h4><p style=\"text-align: justify;\">Dentro de nuestra p\u00e1gina Ud. podr\u00e1 enviar v\u00eda mail una tarjeta de regalo con el monto que Ud. desee a su ser querido seg\u00fan la ocasi\u00f3n, esta gift card le llegara por mail con su nombre, un mensaje personalizado que Ud. mismo escribi\u00f3 y un c\u00f3digo que el remitente ingresar\u00e1 al momento de realizar el pago pudiendo gastar el mismo valor que Ud. le obsequio o un mayor valor y abonando la diferencia.<\/p><h4 style=\"text-align: justify;\"><strong>\u00bfC\u00f3mo puedo hacer una lista de deseos?<\/strong><\/h4><p style=\"text-align: justify;\">Para poder armar tu lista de deseos deb\u00e9s tildar el icono en forma de coraz\u00f3n en cada producto que te gust\u00f3. El mismo lo podr\u00e1s encontrar posicion\u00e1ndote por encima de la foto en vista r\u00e1pida o del lado derecho de la foto dentro del producto.<\/p>\t\t\t\t\t\t<\/div>\n\t\t\t\t<\/div>\n\t\t\t\t\t<\/div>\n\t\t<\/div>\n\t\t\t\t\t\t\t<\/div>\n\t\t<\/section>\n\t\t\t\t\t\t\t<\/div>\n\t\t","protected":false},"excerpt":{"rendered":"<p>\u00bfC\u00f3mo realizo una pregunta? Podr\u00e1 realizar preguntas directamente desde el producto que le interes\u00f3, presionando el \u00edcono PREGUNTAR (que se encuentra hacia la derecha de la foto). Se le abrir\u00e1 una pantalla donde deber\u00e1 ingresar su nombre, su email (para notificarle la respuesta) y la pregunta que desea realizar. Tambi\u00e9n tenemos un icono de WhatsApp&hellip;<\/p>\n","protected":false},"author":1,"featured_media":0,"parent":0,"menu_order":0,"comment_status":"closed","ping_status":"closed","template":"","meta":{"footnotes":""},"_links":{"self":[{"href":"https:\/\/conecto.ar\/clientes\/wp-json\/wp\/v2\/pages\/12473"}],"collection":[{"href":"https:\/\/conecto.ar\/clientes\/wp-json\/wp\/v2\/pages"}],"about":[{"href":"https:\/\/conecto.ar\/clientes\/wp-json\/wp\/v2\/types\/page"}],"author":[{"embeddable":true,"href":"https:\/\/conecto.ar\/clientes\/wp-json\/wp\/v2\/users\/1"}],"replies":[{"embeddable":true,"href":"https:\/\/conecto.ar\/clientes\/wp-json\/wp\/v2\/comments?post=12473"}],"version-history":[{"count":0,"href":"https:\/\/conecto.ar\/clientes\/wp-json\/wp\/v2\/pages\/12473\/revisions"}],"wp:attachment":[{"href":"https:\/\/conecto.ar\/clientes\/wp-json\/wp\/v2\/media?parent=12473"}],"curies":[{"name":"wp","href":"https:\/\/api.w.org\/{rel}","templated":true}]}}