{"id":3,"date":"2020-05-07T14:01:14","date_gmt":"2020-05-07T17:01:14","guid":{"rendered":"https:\/\/conecto.ar\/clientes\/?page_id=3"},"modified":"2020-06-23T23:13:17","modified_gmt":"2020-06-24T02:13:17","slug":"politica-privacidad","status":"publish","type":"page","link":"https:\/\/conecto.ar\/clientes\/politica-privacidad\/","title":{"rendered":"Pol\u00edtica de privacidad"},"content":{"rendered":"\r\n<p>La utilizaci\u00f3n e ingreso a la presente p\u00e1gina web de LA EMPRESA, ser\u00e1 considerado como aceptaci\u00f3n de los t\u00e9rminos de esta Pol\u00edtica de Privacidad por parte del USUARIO y\/o VISITANTE.\u00a0<\/p>\r\n<p>Los datos personales que el USUARIO y\/o VISITANTE brinde libre y voluntariamente a LA EMPRESA, tales como nombres, correo electr\u00f3nico, DNI, tel\u00e9fono y\/o n\u00famero de legajo, y\/o cualquier otro que voluntariamente suministre a LA EMPRESA cuando ello sea necesario para brindarle un servicio espec\u00edfico, son incluidos en archivos automatizados, procesados bajo normas de estricta confidencialidad y protecci\u00f3n de datos.\u00a0<\/p>\r\n<p>El USUARIO y\/o VISITANTE podr\u00e1 brindar informaci\u00f3n con respecto a sus gustos, evaluaciones y preferencias. LA EMPRESA utilizar\u00e1 dicha informaci\u00f3n para elaborar publicidad y\/o perfeccionar el servicio brindado.<\/p>\r\n<h4 class=\"wp-block-heading\">USO DE DIRECCION DE IP<\/h4>\r\n<p>Su direcci\u00f3n IP es un n\u00famero que se asigna autom\u00e1ticamente a su computadora cada vez que navega por Internet.\u00a0Los servidores web identifican autom\u00e1ticamente su computadora por su direcci\u00f3n IP.\u00a0En ocasiones, recopilamos direcciones IP para fines de administraci\u00f3n del sistema, para analizar informaci\u00f3n agregada y para auditar el uso de nuestro Sitio.<\/p>\r\n<h4>COOKIES<\/h4>\r\n<p>Usamos cookies cuando visita nuestro sitio web.\u00a0Existen cuatro tipos principales de cookies: aqu\u00ed se explica c\u00f3mo y por qu\u00e9 las usamos.<\/p>\r\n<p>Cookies de funcionalidad del sitio\u00a0: estas cookies le permiten navegar por el sitio y utilizar nuestras funciones, como \u201cAgregar al carrito\u201d y \u201cGuardar\u201d.<\/p>\r\n<p>Cookies de an\u00e1lisis del sitio\u00a0: estas cookies nos permiten medir y analizar c\u00f3mo nuestros clientes usan el sitio, para mejorar tanto su funcionalidad como su experiencia de usuario.<\/p>\r\n<p>Cookies de preferencia del cliente\u00a0: cuando navega o compra en losequinos.com Marketplace, estas cookies recordar\u00e1n sus preferencias (como su idioma o ubicaci\u00f3n), para que podamos hacer que su experiencia de compra sea lo m\u00e1s fluida posible y m\u00e1s personal para usted.<\/p>\r\n<p>Cookies de orientaci\u00f3n o publicidad\u00a0: estas cookies se utilizan para entregar anuncios relevantes para usted.\u00a0Tambi\u00e9n limitan la cantidad de veces que ve un anuncio y nos ayudan a medir la efectividad de nuestras campa\u00f1as de marketing.<\/p>\r\n<p>Al utilizar nuestro sitio web, usted acepta que coloquemos este tipo de cookies en su dispositivo y que accedamos a ellas cuando visite el sitio en el futuro.\u00a0Si desea eliminar las cookies que ya est\u00e1n en su computadora, la secci\u00f3n de \u201cayuda\u201d en su navegador debe proporcionar instrucciones sobre c\u00f3mo ubicar el archivo o directorio que almacena las cookies.\u00a0<\/p>\r\n<p>No obstante lo anterior y en cumplimiento con las leyes aplicables, LA EMPRESA coopera con las autoridades gubernamentales nacionales, provinciales y municipales, e internacionales en cualquier investigaci\u00f3n en relaci\u00f3n con el contenido, ya sean personales o privadas, transmitidas a LA EMPRESA a trav\u00e9s de este Sitio.<\/p>\r\n","protected":false},"excerpt":{"rendered":"<p>La utilizaci\u00f3n e ingreso a la presente p\u00e1gina web de LA EMPRESA, ser\u00e1 considerado como aceptaci\u00f3n de los t\u00e9rminos de esta Pol\u00edtica de Privacidad por parte del USUARIO y\/o VISITANTE.\u00a0 Los datos personales que el USUARIO y\/o VISITANTE brinde libre y voluntariamente a LA EMPRESA, tales como nombres, correo electr\u00f3nico, DNI, tel\u00e9fono y\/o n\u00famero de&hellip;<\/p>\n","protected":false},"author":1,"featured_media":0,"parent":0,"menu_order":0,"comment_status":"closed","ping_status":"open","template":"","meta":{"footnotes":""},"_links":{"self":[{"href":"https:\/\/conecto.ar\/clientes\/wp-json\/wp\/v2\/pages\/3"}],"collection":[{"href":"https:\/\/conecto.ar\/clientes\/wp-json\/wp\/v2\/pages"}],"about":[{"href":"https:\/\/conecto.ar\/clientes\/wp-json\/wp\/v2\/types\/page"}],"author":[{"embeddable":true,"href":"https:\/\/conecto.ar\/clientes\/wp-json\/wp\/v2\/users\/1"}],"replies":[{"embeddable":true,"href":"https:\/\/conecto.ar\/clientes\/wp-json\/wp\/v2\/comments?post=3"}],"version-history":[{"count":0,"href":"https:\/\/conecto.ar\/clientes\/wp-json\/wp\/v2\/pages\/3\/revisions"}],"wp:attachment":[{"href":"https:\/\/conecto.ar\/clientes\/wp-json\/wp\/v2\/media?parent=3"}],"curies":[{"name":"wp","href":"https:\/\/api.w.org\/{rel}","templated":true}]}}